{"id":10,"date":"2022-11-27T21:16:25","date_gmt":"2022-11-28T02:16:25","guid":{"rendered":"https:\/\/solodeportehbec.com\/?page_id=10"},"modified":"2022-11-27T22:49:19","modified_gmt":"2022-11-28T03:49:19","slug":"inicio","status":"publish","type":"page","link":"https:\/\/solodeportehbec.com\/?page_id=10","title":{"rendered":"Inicio"},"content":{"rendered":"\t\t<div data-elementor-type=\"wp-page\" data-elementor-id=\"10\" class=\"elementor elementor-10\" data-elementor-settings=\"[]\">\n\t\t\t\t\t\t\t<div class=\"elementor-section-wrap\">\n\t\t\t\t\t\t\t<section class=\"elementor-section elementor-top-section elementor-element elementor-element-893e8b0 elementor-section-boxed elementor-section-height-default elementor-section-height-default\" data-id=\"893e8b0\" data-element_type=\"section\">\n\t\t\t\t\t\t<div class=\"elementor-container elementor-column-gap-default\">\n\t\t\t\t\t<div class=\"elementor-column elementor-col-100 elementor-top-column elementor-element elementor-element-a13605f\" data-id=\"a13605f\" data-element_type=\"column\">\n\t\t\t<div class=\"elementor-widget-wrap elementor-element-populated\">\n\t\t\t\t\t\t\t\t<div class=\"elementor-element elementor-element-4b690d5 elementor-widget elementor-widget-image\" data-id=\"4b690d5\" data-element_type=\"widget\" data-widget_type=\"image.default\">\n\t\t\t\t<div class=\"elementor-widget-container\">\n\t\t\t\t\t\t\t\t\t\t\t\t\t\t\t<img loading=\"lazy\" width=\"1280\" height=\"720\" src=\"https:\/\/solodeportehbec.com\/wp-content\/uploads\/2022\/11\/098a1be3-5866-4ec6-b4a8-cb8517b11a9d.jpg\" class=\"attachment-full size-full\" alt=\"\" decoding=\"async\" srcset=\"https:\/\/solodeportehbec.com\/wp-content\/uploads\/2022\/11\/098a1be3-5866-4ec6-b4a8-cb8517b11a9d.jpg 1280w, https:\/\/solodeportehbec.com\/wp-content\/uploads\/2022\/11\/098a1be3-5866-4ec6-b4a8-cb8517b11a9d-300x169.jpg 300w, https:\/\/solodeportehbec.com\/wp-content\/uploads\/2022\/11\/098a1be3-5866-4ec6-b4a8-cb8517b11a9d-1024x576.jpg 1024w, https:\/\/solodeportehbec.com\/wp-content\/uploads\/2022\/11\/098a1be3-5866-4ec6-b4a8-cb8517b11a9d-768x432.jpg 768w\" sizes=\"(max-width: 1280px) 100vw, 1280px\" \/>\t\t\t\t\t\t\t\t\t\t\t\t\t\t\t<\/div>\n\t\t\t\t<\/div>\n\t\t\t\t<div class=\"elementor-element elementor-element-7eca480 elementor-widget elementor-widget-text-editor\" data-id=\"7eca480\" data-element_type=\"widget\" data-widget_type=\"text-editor.default\">\n\t\t\t\t<div class=\"elementor-widget-container\">\n\t\t\t\t\t\t\t\t<h2><strong>MISI\u00d3N<\/strong><\/h2><p>Solo Deporte HB resalta la actividad deportiva de la provincia de Imbabura en todas sus manifestaciones, generando cobertura y emisi\u00f3n de informaci\u00f3n desde los escenarios donde se gestan las emociones en los niveles: Profesional, Amateur y Recreativo. De igual manera, temas nacionales e internacionales que generen inter\u00e9s y repercusi\u00f3n general. Lo que nos define\u2026 Las Transmisiones Deportivas en diversas disciplinas en vivo.<\/p><p>\u00a0<\/p><h2><strong>VISI\u00d3N<\/strong><\/h2><p>Consolidarse como medio de comunicaci\u00f3n digital con proyecci\u00f3n regional y nacional a mediano y largo plazo, con coberturas directas dentro y fuera del pa\u00eds. Con la intenci\u00f3n de evolucionar en el periodismo deportivo con est\u00e1ndares de alta calidad en cuanto a los contenidos audiovisuales como en la informaci\u00f3n. L\u00edderes en transmisiones deportivas en vivo.<\/p><p>\u00a0<\/p><h2><strong>QUIENES SOMOS<\/strong><\/h2><p>Durante 20 a\u00f1os hemos logrado incursionar en el periodismo deportivo, en radio, prensa escrita, televisi\u00f3n y ahora desde plataformas digitales.<\/p><p>En Solo Deporte HB hemos logrado mantener el programa deportivo al aire, inclusive con transmisiones deportivas nacionales e internacionales, lo que nos ha permitido obtener una aceptaci\u00f3n muy importante de la afici\u00f3n y poblaci\u00f3n deportiva de Imbabura.<\/p>\t\t\t\t\t\t<\/div>\n\t\t\t\t<\/div>\n\t\t\t\t\t<\/div>\n\t\t<\/div>\n\t\t\t\t\t\t\t<\/div>\n\t\t<\/section>\n\t\t\t\t<section class=\"elementor-section elementor-top-section elementor-element elementor-element-ec0f9c9 elementor-section-boxed elementor-section-height-default elementor-section-height-default\" data-id=\"ec0f9c9\" data-element_type=\"section\">\n\t\t\t\t\t\t<div class=\"elementor-container elementor-column-gap-default\">\n\t\t\t\t\t<div class=\"elementor-column elementor-col-100 elementor-top-column elementor-element elementor-element-9c27161\" data-id=\"9c27161\" data-element_type=\"column\">\n\t\t\t<div class=\"elementor-widget-wrap elementor-element-populated\">\n\t\t\t\t\t\t\t\t<div class=\"elementor-element elementor-element-bb76459 elementor--h-position-center elementor--v-position-middle elementor-arrows-position-inside elementor-pagination-position-inside elementor-widget elementor-widget-slides\" data-id=\"bb76459\" data-element_type=\"widget\" data-settings=\"{&quot;navigation&quot;:&quot;both&quot;,&quot;autoplay&quot;:&quot;yes&quot;,&quot;pause_on_hover&quot;:&quot;yes&quot;,&quot;pause_on_interaction&quot;:&quot;yes&quot;,&quot;autoplay_speed&quot;:5000,&quot;infinite&quot;:&quot;yes&quot;,&quot;transition&quot;:&quot;slide&quot;,&quot;transition_speed&quot;:500}\" data-widget_type=\"slides.default\">\n\t\t\t\t<div class=\"elementor-widget-container\">\n\t\t\t\t\t<div class=\"elementor-swiper\">\n\t\t\t<div class=\"elementor-slides-wrapper elementor-main-swiper swiper-container\" dir=\"ltr\" data-animation=\"fadeInUp\">\n\t\t\t\t<div class=\"swiper-wrapper elementor-slides\">\n\t\t\t\t\t<div class=\"elementor-repeater-item-a3e5f70 swiper-slide\"><div class=\"swiper-slide-bg\"><\/div><div class=\"swiper-slide-inner\" ><div class=\"swiper-slide-contents\"><\/div><\/div><\/div><div class=\"elementor-repeater-item-dca77f8 swiper-slide\"><div class=\"swiper-slide-bg\"><\/div><div class=\"swiper-slide-inner\" ><div class=\"swiper-slide-contents\"><\/div><\/div><\/div><div class=\"elementor-repeater-item-db51eb4 swiper-slide\"><div class=\"swiper-slide-bg\"><\/div><div class=\"swiper-slide-inner\" ><div class=\"swiper-slide-contents\"><\/div><\/div><\/div>\t\t\t\t<\/div>\n\t\t\t\t\t\t\t\t\t\t\t\t\t\t\t<div class=\"swiper-pagination\"><\/div>\n\t\t\t\t\t\t\t\t\t\t\t\t\t\t\t\t<div class=\"elementor-swiper-button elementor-swiper-button-prev\">\n\t\t\t\t\t\t\t<i class=\"eicon-chevron-left\" aria-hidden=\"true\"><\/i>\n\t\t\t\t\t\t\t<span class=\"elementor-screen-only\">Previous<\/span>\n\t\t\t\t\t\t<\/div>\n\t\t\t\t\t\t<div class=\"elementor-swiper-button elementor-swiper-button-next\">\n\t\t\t\t\t\t\t<i class=\"eicon-chevron-right\" aria-hidden=\"true\"><\/i>\n\t\t\t\t\t\t\t<span class=\"elementor-screen-only\">Next<\/span>\n\t\t\t\t\t\t<\/div>\n\t\t\t\t\t\t\t\t\t\t\t\t<\/div>\n\t\t<\/div>\n\t\t\t\t<\/div>\n\t\t\t\t<\/div>\n\t\t\t\t\t<\/div>\n\t\t<\/div>\n\t\t\t\t\t\t\t<\/div>\n\t\t<\/section>\n\t\t\t\t\t\t<\/div>\n\t\t\t\t\t<\/div>\n\t\t","protected":false},"excerpt":{"rendered":"<p class=\"text-justify mb-2\" >MISI\u00d3N Solo Deporte HB resalta la actividad deportiva de la provincia de Imbabura en todas sus manifestaciones, generando cobertura y emisi\u00f3n de informaci\u00f3n desde los escenarios donde se gestan las emociones en los niveles: Profesional, Amateur y Recreativo. De igual manera, temas nacionales e internacionales [&hellip;]<\/p>\n","protected":false},"author":1,"featured_media":0,"parent":0,"menu_order":0,"comment_status":"closed","ping_status":"closed","template":"elementor_header_footer","meta":{"om_disable_all_campaigns":false,"_mi_skip_tracking":false},"aioseo_notices":[],"_links":{"self":[{"href":"https:\/\/solodeportehbec.com\/index.php?rest_route=\/wp\/v2\/pages\/10"}],"collection":[{"href":"https:\/\/solodeportehbec.com\/index.php?rest_route=\/wp\/v2\/pages"}],"about":[{"href":"https:\/\/solodeportehbec.com\/index.php?rest_route=\/wp\/v2\/types\/page"}],"author":[{"embeddable":true,"href":"https:\/\/solodeportehbec.com\/index.php?rest_route=\/wp\/v2\/users\/1"}],"replies":[{"embeddable":true,"href":"https:\/\/solodeportehbec.com\/index.php?rest_route=%2Fwp%2Fv2%2Fcomments&post=10"}],"version-history":[{"count":10,"href":"https:\/\/solodeportehbec.com\/index.php?rest_route=\/wp\/v2\/pages\/10\/revisions"}],"predecessor-version":[{"id":122,"href":"https:\/\/solodeportehbec.com\/index.php?rest_route=\/wp\/v2\/pages\/10\/revisions\/122"}],"wp:attachment":[{"href":"https:\/\/solodeportehbec.com\/index.php?rest_route=%2Fwp%2Fv2%2Fmedia&parent=10"}],"curies":[{"name":"wp","href":"https:\/\/api.w.org\/{rel}","templated":true}]}}