{"id":20,"date":"2022-11-27T21:21:39","date_gmt":"2022-11-28T02:21:39","guid":{"rendered":"https:\/\/solodeportehbec.com\/?page_id=20"},"modified":"2022-11-27T22:35:37","modified_gmt":"2022-11-28T03:35:37","slug":"basquet","status":"publish","type":"page","link":"https:\/\/solodeportehbec.com\/?page_id=20","title":{"rendered":"B\u00e1squet"},"content":{"rendered":"\t\t<div data-elementor-type=\"wp-page\" data-elementor-id=\"20\" class=\"elementor elementor-20\" data-elementor-settings=\"[]\">\n\t\t\t\t\t\t\t<div class=\"elementor-section-wrap\">\n\t\t\t\t\t\t\t<section class=\"elementor-section elementor-top-section elementor-element elementor-element-f124c46 elementor-section-boxed elementor-section-height-default elementor-section-height-default\" data-id=\"f124c46\" data-element_type=\"section\">\n\t\t\t\t\t\t<div class=\"elementor-container elementor-column-gap-default\">\n\t\t\t\t\t<div class=\"elementor-column elementor-col-100 elementor-top-column elementor-element elementor-element-684e86d\" data-id=\"684e86d\" data-element_type=\"column\">\n\t\t\t<div class=\"elementor-widget-wrap elementor-element-populated\">\n\t\t\t\t\t\t\t\t<div class=\"elementor-element elementor-element-0cacc12 elementor-grid-3 elementor-grid-tablet-2 elementor-grid-mobile-1 elementor-posts--thumbnail-top elementor-widget elementor-widget-posts\" data-id=\"0cacc12\" data-element_type=\"widget\" data-settings=\"{&quot;classic_columns&quot;:&quot;3&quot;,&quot;classic_columns_tablet&quot;:&quot;2&quot;,&quot;classic_columns_mobile&quot;:&quot;1&quot;,&quot;classic_row_gap&quot;:{&quot;unit&quot;:&quot;px&quot;,&quot;size&quot;:35,&quot;sizes&quot;:[]}}\" data-widget_type=\"posts.classic\">\n\t\t\t\t<div class=\"elementor-widget-container\">\n\t\t\t\t\t<div class=\"elementor-posts-container elementor-posts elementor-posts--skin-classic elementor-grid\">\n\t\t\t\t<article class=\"elementor-post elementor-grid-item post-108 post type-post status-publish format-standard has-post-thumbnail hentry category-basquet category-deporte-imbabureno\">\n\t\t\t\t<a class=\"elementor-post__thumbnail__link\" href=\"https:\/\/solodeportehbec.com\/?p=108\" >\n\t\t\t<div class=\"elementor-post__thumbnail\"><img loading=\"lazy\" width=\"300\" height=\"200\" src=\"https:\/\/solodeportehbec.com\/wp-content\/uploads\/2022\/11\/IMG_0007-300x200.jpg\" class=\"attachment-medium size-medium\" alt=\"\" decoding=\"async\" srcset=\"https:\/\/solodeportehbec.com\/wp-content\/uploads\/2022\/11\/IMG_0007-300x200.jpg 300w, https:\/\/solodeportehbec.com\/wp-content\/uploads\/2022\/11\/IMG_0007-1024x683.jpg 1024w, https:\/\/solodeportehbec.com\/wp-content\/uploads\/2022\/11\/IMG_0007-768x512.jpg 768w, https:\/\/solodeportehbec.com\/wp-content\/uploads\/2022\/11\/IMG_0007-1536x1024.jpg 1536w, https:\/\/solodeportehbec.com\/wp-content\/uploads\/2022\/11\/IMG_0007-2048x1365.jpg 2048w\" sizes=\"(max-width: 300px) 100vw, 300px\" \/><\/div>\n\t\t<\/a>\n\t\t\t\t<div class=\"elementor-post__text\">\n\t\t\t\t<h3 class=\"elementor-post__title\">\n\t\t\t<a href=\"https:\/\/solodeportehbec.com\/?p=108\" >\n\t\t\t\tIBARRA Y OTAVALO SON LOS MEJORES DEL B\u00c1SQUET INTERCANTONAL\t\t\t<\/a>\n\t\t<\/h3>\n\t\t\t\t<div class=\"elementor-post__meta-data\">\n\t\t\t\t\t<span class=\"elementor-post-date\">\n\t\t\tnoviembre 27, 2022\t\t<\/span>\n\t\t\t\t<span class=\"elementor-post-avatar\">\n\t\t\tNo hay comentarios\t\t<\/span>\n\t\t\t\t<\/div>\n\t\t\t\t<div class=\"elementor-post__excerpt\">\n\t\t\t<p class=\"text-justify mb-2\" >En Antonio Ante culminaron los d\u00e9cimos segundos Juegos Deportivos Intercantonales y el baloncesto fue una de las disciplinas que al final dejaron con Campe\u00f3n a Otavalo a nivel femenino, mientras que Ibarra se adjudic\u00f3 el T\u00edtulo en varones.Cabe mencionar que en varones Antonio Ante qued\u00f3<\/p>\n\t\t<\/div>\n\t\t\t\t\t<a class=\"elementor-post__read-more\" href=\"https:\/\/solodeportehbec.com\/?p=108\" >\n\t\t\t\tRead More \u00bb\t\t\t<\/a>\n\t\t\t\t<\/div>\n\t\t\t\t<\/article>\n\t\t\t\t<\/div>\n\t\t\t\t<\/div>\n\t\t\t\t<\/div>\n\t\t\t\t\t<\/div>\n\t\t<\/div>\n\t\t\t\t\t\t\t<\/div>\n\t\t<\/section>\n\t\t\t\t\t\t<\/div>\n\t\t\t\t\t<\/div>\n\t\t","protected":false},"excerpt":{"rendered":"","protected":false},"author":1,"featured_media":0,"parent":0,"menu_order":0,"comment_status":"closed","ping_status":"closed","template":"","meta":{"om_disable_all_campaigns":false,"_mi_skip_tracking":false},"aioseo_notices":[],"_links":{"self":[{"href":"https:\/\/solodeportehbec.com\/index.php?rest_route=\/wp\/v2\/pages\/20"}],"collection":[{"href":"https:\/\/solodeportehbec.com\/index.php?rest_route=\/wp\/v2\/pages"}],"about":[{"href":"https:\/\/solodeportehbec.com\/index.php?rest_route=\/wp\/v2\/types\/page"}],"author":[{"embeddable":true,"href":"https:\/\/solodeportehbec.com\/index.php?rest_route=\/wp\/v2\/users\/1"}],"replies":[{"embeddable":true,"href":"https:\/\/solodeportehbec.com\/index.php?rest_route=%2Fwp%2Fv2%2Fcomments&post=20"}],"version-history":[{"count":4,"href":"https:\/\/solodeportehbec.com\/index.php?rest_route=\/wp\/v2\/pages\/20\/revisions"}],"predecessor-version":[{"id":113,"href":"https:\/\/solodeportehbec.com\/index.php?rest_route=\/wp\/v2\/pages\/20\/revisions\/113"}],"wp:attachment":[{"href":"https:\/\/solodeportehbec.com\/index.php?rest_route=%2Fwp%2Fv2%2Fmedia&parent=20"}],"curies":[{"name":"wp","href":"https:\/\/api.w.org\/{rel}","templated":true}]}}